List the prime factors of 28663.
28663
What are the prime factors of 1072?
2, 67
List the prime factors of 15655.
5, 31, 101
List the prime factors of 1189.
29, 41
What are the prime factors of 23769?
3, 19, 139
What are the prime factors of 6796?
2, 1699
List the prime factors of 300.
2, 3, 5
List the prime factors of 20417.
17, 1201
What are the prime factors of 8333?
13, 641
What are the prime factors of 7329?
3, 7, 349
List the prime factors of 1103.
1103
What are the prime factors of 1326?
2, 3, 13, 17
What are the prime factors of 1075?
5, 43
List the prime factors of 106.
2, 53
List the prime factors of 558.
2, 3, 31
List the prime factors of 969.
3, 17, 19
What are the prime factors of 456?
2, 3, 19
List the prime factors of 5247.
3, 11, 53
What are the prime factors of 3426?
2, 3, 571
What are the prime factors of 2787?
3, 929
List the prime factors of 8135.
5, 1627
What are the prime factors of 23894?
2, 13, 919
List the prime factors of 5128.
2, 641
List the prime factors of 2250.
2, 3, 5
What are the prime factors of 804?
2, 3, 67
List the prime factors of 1604.
2, 401
What are the prime factors of 14384?
2, 29, 31
What are the prime factors of 59008?
2, 461
List the prime factors of 2529.
3, 281
What are the prime factors of 2253?
3, 751
List the prime factors of 43956.
2, 3, 11, 37
List the prime factors of 3575.
5, 11, 13
List the prime factors of 5239.
13, 31
List the prime factors of 8200.
2, 5, 41
List the prime factors of 356.
2, 89
What are the prime factors of 330?
2, 3, 5, 11
List the prime factors of 425.
5, 17
List the prime factors of 34256.
2, 2141
List the prime factors of 92202.
2, 3, 11, 127
What are the prime factors of 1244?
2, 311
List the prime factors of 582.
2, 3, 97
List the prime factors of 56251.
13, 4327
List the prime factors of 49267.
19, 2593
What are the prime factors of 1824?
2, 3, 19
List the prime factors of 25283.
131, 193
What are the prime factors of 2851?
2851
List the prime factors of 5205.
3, 5, 347
List the prime factors of 1538.
2, 769
What are the prime factors of 29860?
2, 5, 1493
What are the prime factors of 7312?
2, 457
List the prime factors of 215.
5, 43
List the prime factors of 12774.
2, 3, 2129
List the prime factors of 3281.
17, 193
What are the prime factors of 41685?
3, 5, 7, 397
What are the prime factors of 2453?
11, 223
What are the prime factors of 1866?
2, 3, 311
List the prime factors of 8564.
2, 2141
What are the prime factors of 935?
5, 11, 17
What are the prime factors of 2630?
2, 5, 263
List the prime factors of 27261.
3, 13, 233
List the prime factors of 1012.
2, 11, 23
What are the prime factors of 776?
2, 97
What are the prime factors of 1253?
7, 179
What are the prime factors of 652?
2, 163
What are the prime factors of 35046?
2, 3, 11, 59
What are the prime factors of 1229?
1229
What are the prime factors of 35496?
2, 3, 17, 29
What are the prime factors of 28813?
28813
List the prime factors of 1769.
29, 61
What are the prime factors of 167623?
167623
What are the prime factors of 7700?
2, 5, 7, 11
What are the prime factors of 12560?
2, 5, 157
What are the prime factors of 2141?
2141
List the prime factors of 43.
43
What are the prime factors of 38010?
2, 3, 5, 7, 181
What are the prime factors of 56210?
2, 5, 7, 11, 73
List the prime factors of 5613.
3, 1871
List the prime factors of 78495.
3, 5, 5233
What are the prime factors of 11712?
2, 3, 61
List the prime factors of 11861.
29, 409
What are the prime factors of 3555?
3, 5, 79
What are the prime factors of 26260?
2, 5, 13, 101
What are the prime factors of 43?
43
List the prime factors of 72553.
13, 5581
List the prime factors of 51252.
2, 3, 4271
What are the prime factors of 48503?
7, 13, 41
List the prime factors of 845.
5, 13
List the prime factors of 4899.
3, 23, 71
What are the prime factors of 22422?
2, 3, 37, 101
List the prime factors of 7682.
2, 23, 167
List the prime factors of 10618.
2, 5309
List the prime factors of 67055.
5, 13411
What are the prime factors of 103519?
13, 7963
What are the prime factors of 6146?
2, 7, 439
What are the prime factors of 9209?
9209
What are the prime factors of 4935?
3, 5, 7, 47
What are the prime factors of 10216?
2, 1277
List the prime factors of 17840.
2, 5, 223
List the prime factors of 1283.
1283
What are the prime factors of 4570?
2, 5, 457
What are the prime factors of 1250?
2, 5
List the prime factors of 1131.
3, 13, 29
What are the prime factors of 440?
2, 5, 11
What are the prime factors of 156?
2, 3, 13
What are the prime factors of 1061?
1061
List the prime factors of 2661.
3, 887
What are the prime factors of 247?
13, 19
List the prime factors of 610.
2, 5, 61
What are the prime factors of 11796?
2, 3, 983
List the prime factors of 532.
2, 7, 19
What are the prime factors of 3097?
19, 163
What are the prime factors of 5440?
2, 5, 17
What are the prime factors of 819?
3, 7, 13
List the prime factors of 2996.
2, 7, 107
What are the prime factors of 5796?
2, 3, 7, 23
What are the prime factors of 9911?
11, 17, 53
What are the prime factors of 22549?
22549
List the prime factors of 1597.
1597
What are the prime factors of 6686?
2, 3343
What are the prime factors of 872?
2, 109
List the prime factors of 19477.
19477
What are the prime factors of 18411?
3, 17, 19
What are the prime factors of 44?
2, 11
What are the prime factors of 360?
2, 3, 5
What are the prime factors of 3076?
2, 769
List the prime factors of 3644.
2, 911
What are the prime factors of 3686?
2, 19, 97
What are the prime factors of 1642?
2, 821
What are the prime factors of 588?
2, 3, 7
What are the prime factors of 104?
2, 13
What are the prime factors of 3298?
2, 17, 97
List the prime factors of 18700.
2, 5, 11, 17
List the prime factors of 2769.
3, 13, 71
What are the prime factors of 2432?
2, 19
What are the prime factors of 21938?
2, 7, 1567
What are the prime factors of 1506?
2, 3, 251
What are the prime factors of 10276?
2, 7, 367
What are the prime factors of 6304?
2, 197
What are the prime factors of 1425?
3, 5, 19
What are the prime factors of 2756?
2, 13, 53
List the prime factors of 32343.
3, 10781
What are the prime factors of 1211?
7, 173
What are the prime factors of 3916?
2, 11, 89
List the prime factors of 217.
7, 31
List the prime factors of 23564.
2, 43, 137
What are the prime factors of 1497?
3, 499
List the prime factors of 25505.
5, 5101
What are the prime factors of 1925?
5, 7, 11
What are the prime factors of 790?
2, 5, 79
What are the prime factors of 2675?
5, 107
What are the prime factors of 25416?
2, 3, 353
What are the prime factors of 13043?
13043
List the prime factors of 1312.
2, 41
List the prime factors of 5201.
7, 743
List the prime factors of 239.
239
What are the prime factors of 62513?
11, 5683
List the prime factors of 369.
3, 41
What are the prime factors of 1790?
2, 5, 179
List the prime factors of 32247.
3, 3583
What are the prime factors of 1041?
3, 347
List the prime factors of 359.
359
List the prime factors of 5436.
2, 3, 151
List the prime factors of 1693.
1693
List the prime factors of 8387.
8387
List the prime factors of 4455.
3, 5, 11
List the prime factors of 84830.
2, 5, 17, 499
What are the prime factors of 601?
601
What are the prime factors of 3773?
7, 11
List the prime factors of 5619.
3, 1873
List the prime factors of 4993.
4993
List the prime factors of 2324.
2, 7, 83
What are the prime factors of 430?
2, 5, 43
What are the prime factors of 4742?
2, 2371
What are the prime factors of 2153?
2153
What are the prime factors of 883?
883
What are the prime factors of 2744?
2, 7
List the prime factors of 191870.
2, 5, 7, 2741
What are the prime factors of 1341?
3, 149
List the prime factors of 847.
7, 11
List the prime factors of 630.
2, 3, 5, 7
List the prime factors of 4.
2
What are the prime factors of 234?
2, 3, 13
List the prime factors of 1218.
2, 3, 7, 29
What are the prime factors of 2529?
3, 281
What are the prime factors of 18316?
2, 19, 241
What are the prime factors of 66252?
2, 3, 5521
What are the prime factors of 5065?
5, 1013
List the prime factors of 3743.
19, 197
List the prime factors of 28918.
2, 19, 761
What are the prime factors of 5802?
2, 3, 967
What are the prime factors of 4543?
7, 11, 59
List the prime fa